{"version":"1.0","provider_name":"Ida-Viru Ettev\u00f5tluskeskus","provider_url":"https:\/\/ivek.ee\/ru\/","author_name":"Nadezda Morozova","author_url":"https:\/\/ivek.ee\/ru\/author\/nadezda\/","title":"\u0421\u0435\u043c\u0438\u043d\u0430\u0440\u044b \u043f\u043e \u0440\u0430\u0437\u0432\u0438\u0442\u0438\u044e \u0418\u0434\u0430-\u0412\u0438\u0440\u0443\u043c\u0430\u0430 \u0434\u043b\u044f \u043f\u043e\u0434\u0433\u043e\u0442\u043e\u0432\u043a\u0438 \u043c\u0435\u0440 \u0440\u0435\u0433\u0438\u043e\u043d\u0430\u043b\u044c\u043d\u043e\u0433\u043e \u0440\u0430\u0437\u0432\u0438\u0442\u0438\u044f \u0438\u0437 \u0441\u0440\u0435\u0434\u0441\u0442\u0432 \u0441\u0442\u0440\u0443\u043a\u0442\u0443\u0440\u043d\u044b\u0445 \u0444\u043e\u043d\u0434\u043e\u0432 \u043d\u0430 \u043f\u0435\u0440\u0438\u043e\u0434 2021\u20132027 \u0433\u0433.: \u0416\u0418\u041b\u0418\u0429\u041d\u041e\u0415 \u0425\u041e\u0417\u042f\u0419\u0421\u0422\u0412\u041e 23.-24.03.2023 \u0432 \u0421\u0438\u043b\u043b\u0430\u043c\u044f\u044d (\u0441 \u043f\u0435\u0440\u0435\u0432\u043e\u0434\u043e\u043c) - Ida-Viru Ettev\u00f5tluskeskus","type":"rich","width":600,"height":338,"html":"<blockquote class=\"wp-embedded-content\" data-secret=\"Dz7I6O9Dou\"><a href=\"https:\/\/ivek.ee\/ru\/events\/arendusseminar-elamumajandus\/\">\u0421\u0435\u043c\u0438\u043d\u0430\u0440\u044b \u043f\u043e \u0440\u0430\u0437\u0432\u0438\u0442\u0438\u044e \u0418\u0434\u0430-\u0412\u0438\u0440\u0443\u043c\u0430\u0430 \u0434\u043b\u044f \u043f\u043e\u0434\u0433\u043e\u0442\u043e\u0432\u043a\u0438 \u043c\u0435\u0440 \u0440\u0435\u0433\u0438\u043e\u043d\u0430\u043b\u044c\u043d\u043e\u0433\u043e \u0440\u0430\u0437\u0432\u0438\u0442\u0438\u044f \u0438\u0437 \u0441\u0440\u0435\u0434\u0441\u0442\u0432 \u0441\u0442\u0440\u0443\u043a\u0442\u0443\u0440\u043d\u044b\u0445 \u0444\u043e\u043d\u0434\u043e\u0432 \u043d\u0430 \u043f\u0435\u0440\u0438\u043e\u0434 2021\u20132027 \u0433\u0433.: \u0416\u0418\u041b\u0418\u0429\u041d\u041e\u0415 \u0425\u041e\u0417\u042f\u0419\u0421\u0422\u0412\u041e  23.-24.03.2023 \u0432 \u0421\u0438\u043b\u043b\u0430\u043c\u044f\u044d (\u0441 \u043f\u0435\u0440\u0435\u0432\u043e\u0434\u043e\u043c)<\/a><\/blockquote><iframe sandbox=\"allow-scripts\" security=\"restricted\" src=\"https:\/\/ivek.ee\/ru\/events\/arendusseminar-elamumajandus\/embed\/#?secret=Dz7I6O9Dou\" width=\"600\" height=\"338\" title=\"\u00ab\u0421\u0435\u043c\u0438\u043d\u0430\u0440\u044b \u043f\u043e \u0440\u0430\u0437\u0432\u0438\u0442\u0438\u044e \u0418\u0434\u0430-\u0412\u0438\u0440\u0443\u043c\u0430\u0430 \u0434\u043b\u044f \u043f\u043e\u0434\u0433\u043e\u0442\u043e\u0432\u043a\u0438 \u043c\u0435\u0440 \u0440\u0435\u0433\u0438\u043e\u043d\u0430\u043b\u044c\u043d\u043e\u0433\u043e \u0440\u0430\u0437\u0432\u0438\u0442\u0438\u044f \u0438\u0437 \u0441\u0440\u0435\u0434\u0441\u0442\u0432 \u0441\u0442\u0440\u0443\u043a\u0442\u0443\u0440\u043d\u044b\u0445 \u0444\u043e\u043d\u0434\u043e\u0432 \u043d\u0430 \u043f\u0435\u0440\u0438\u043e\u0434 2021\u20132027 \u0433\u0433.: \u0416\u0418\u041b\u0418\u0429\u041d\u041e\u0415 \u0425\u041e\u0417\u042f\u0419\u0421\u0422\u0412\u041e  23.-24.03.2023 \u0432 \u0421\u0438\u043b\u043b\u0430\u043c\u044f\u044d (\u0441 \u043f\u0435\u0440\u0435\u0432\u043e\u0434\u043e\u043c)\u00bb &#8212; Ida-Viru Ettev\u00f5tluskeskus\" data-secret=\"Dz7I6O9Dou\" frameborder=\"0\" marginwidth=\"0\" marginheight=\"0\" scrolling=\"no\" class=\"wp-embedded-content\"><\/iframe><script>\n\/*! This file is auto-generated *\/\n!function(d,l){\"use strict\";l.querySelector&&d.addEventListener&&\"undefined\"!=typeof URL&&(d.wp=d.wp||{},d.wp.receiveEmbedMessage||(d.wp.receiveEmbedMessage=function(e){var t=e.data;if((t||t.secret||t.message||t.value)&&!\/[^a-zA-Z0-9]\/.test(t.secret)){for(var s,r,n,a=l.querySelectorAll('iframe[data-secret=\"'+t.secret+'\"]'),o=l.querySelectorAll('blockquote[data-secret=\"'+t.secret+'\"]'),c=new RegExp(\"^https?:$\",\"i\"),i=0;i<o.length;i++)o[i].style.display=\"none\";for(i=0;i<a.length;i++)s=a[i],e.source===s.contentWindow&&(s.removeAttribute(\"style\"),\"height\"===t.message?(1e3<(r=parseInt(t.value,10))?r=1e3:~~r<200&&(r=200),s.height=r):\"link\"===t.message&&(r=new URL(s.getAttribute(\"src\")),n=new URL(t.value),c.test(n.protocol))&&n.host===r.host&&l.activeElement===s&&(d.top.location.href=t.value))}},d.addEventListener(\"message\",d.wp.receiveEmbedMessage,!1),l.addEventListener(\"DOMContentLoaded\",function(){for(var e,t,s=l.querySelectorAll(\"iframe.wp-embedded-content\"),r=0;r<s.length;r++)(t=(e=s[r]).getAttribute(\"data-secret\"))||(t=Math.random().toString(36).substring(2,12),e.src+=\"#?secret=\"+t,e.setAttribute(\"data-secret\",t)),e.contentWindow.postMessage({message:\"ready\",secret:t},\"*\")},!1)))}(window,document);\n<\/script>\n","thumbnail_url":"https:\/\/ivek.ee\/wp-content\/uploads\/sundmuste-facebook-cover-5-2.png","thumbnail_width":1640,"thumbnail_height":924,"description":"Seminari teemad \u2022 \u00dclevaade eluaseme valdkonnast Ida-Virumaal: uuringud ja praktikad\u2022 N\u00fc\u00fcdisaegse hea ruumi teoreetilised l\u00e4htekohad ja praktikad\u2022 KOV v\u00f5imalused elamumajanduse suunamisel l\u00e4bi strateegiliste dokumentide ja elanike kaasamise protsessi\u2022 KOV ja Kredex toetusv\u00f5imalused\u2022 P\u00f5hjalik Narva kogemuse k\u00e4sitlus: Narva linnavalitsuse roll elamumajanduse arendamise koordineerimisel, segregatsioon Narva kontekstis, elamukvartalite arendamine kahaneva linna olukorras Narva uues \u00fcldplaneeringus 2035+, elamuvaldkonna alane koost\u00f6\u00f6 era- ja mittetulundussektoriga, linna avaliku ruumi kaasajastamise p\u00f5him\u00f5tted."}

Ida-Viru Ettevõtluskeskus

Семинары по развитию Ида-Вирумаа для подготовки мер регионального развития из средств структурных фондов на период 2021–2027 гг.: ЖИЛИЩНОЕ ХОЗЯЙСТВО 23.-24.03.2023 в Силламяэ (с переводом) - Ida-Viru Ettevõtluskeskus

<blockquote class="wp-embedded-content" data-secret="Dz7I6O9Dou"><a href="https://ivek.ee/ru/events/arendusseminar-elamumajandus/">Семинары по развитию Ида-Вирумаа для подготовки мер регионального развития из средств структурных фондов на период 2021–2027 гг.: ЖИЛИЩНОЕ ХОЗЯЙСТВО  23.-24.03.2023 в Силламяэ (с переводом)</a></blockquote><iframe sandbox="allow-scripts" security="restricted" src="https://ivek.ee/ru/events/arendusseminar-elamumajandus/embed/#?secret=Dz7I6O9Dou" width="600" height="338" title="«Семинары по развитию Ида-Вирумаа для подготовки мер регионального развития из средств структурных фондов на период 2021–2027 гг.: ЖИЛИЩНОЕ ХОЗЯЙСТВО  23.-24.03.2023 в Силламяэ (с переводом)» &#8212; Ida-Viru Ettevõtluskeskus" data-secret="Dz7I6O9Dou" frameborder="0" marginwidth="0" marginheight="0" scrolling="no" class="wp-embedded-content"></iframe><script>
/*! This file is auto-generated */
!function(d,l){"use strict";l.querySelector&&d.addEventListener&&"undefined"!=typeof URL&&(d.wp=d.wp||{},d.wp.receiveEmbedMessage||(d.wp.receiveEmbedMessage=function(e){var t=e.data;if((t||t.secret||t.message||t.value)&&!/[^a-zA-Z0-9]/.test(t.secret)){for(var s,r,n,a=l.querySelectorAll('iframe[data-secret="'+t.secret+'"]'),o=l.querySelectorAll('blockquote[data-secret="'+t.secret+'"]'),c=new RegExp("^https?:$","i"),i=0;i<o.length;i++)o[i].style.display="none";for(i=0;i<a.length;i++)s=a[i],e.source===s.contentWindow&&(s.removeAttribute("style"),"height"===t.message?(1e3<(r=parseInt(t.value,10))?r=1e3:~~r<200&&(r=200),s.height=r):"link"===t.message&&(r=new URL(s.getAttribute("src")),n=new URL(t.value),c.test(n.protocol))&&n.host===r.host&&l.activeElement===s&&(d.top.location.href=t.value))}},d.addEventListener("message",d.wp.receiveEmbedMessage,!1),l.addEventListener("DOMContentLoaded",function(){for(var e,t,s=l.querySelectorAll("iframe.wp-embedded-content"),r=0;r<s.length;r++)(t=(e=s[r]).getAttribute("data-secret"))||(t=Math.random().toString(36).substring(2,12),e.src+="#?secret="+t,e.setAttribute("data-secret",t)),e.contentWindow.postMessage({message:"ready",secret:t},"*")},!1)))}(window,document);
</script>

Seminari teemad • Ülevaade eluaseme valdkonnast Ida-Virumaal: uuringud ja praktikad• Nüüdisaegse hea ruumi teoreetilised lähtekohad ja praktikad• KOV võimalused elamumajanduse suunamisel läbi strateegiliste dokumentide ja elanike kaasamise protsessi• KOV ja Kredex toetusvõimalused• Põhjalik Narva kogemuse käsitlus: Narva linnavalitsuse roll elamumajanduse arendamise koordineerimisel, segregatsioon Narva kontekstis, elamukvartalite arendamine kahaneva linna olukorras Narva uues üldplaneeringus 2035+, elamuvaldkonna alane koostöö era- ja mittetulundussektoriga, linna avaliku ruumi kaasajastamise põhimõtted.
